{"id":2031,"date":"2014-10-06T13:21:24","date_gmt":"2014-10-06T13:21:24","guid":{"rendered":"http:\/\/www.highgradelab.com\/shore-creative-studio\/?page_id=2031"},"modified":"2014-10-06T13:21:24","modified_gmt":"2014-10-06T13:21:24","slug":"contact","status":"publish","type":"page","link":"http:\/\/www.soveamiant.fr\/agence-desamiantage-soveamiant-pau\/accueil-soveamiant\/contact\/","title":{"rendered":"Contact"},"content":{"rendered":"<p>[vc_row][vc_column][vc_column_text]<\/p>\n<h1 style=\"text-align: center\">VOUS SOUHAITEZ EN SAVOIR PLUS? CONTACTEZ-NOUS!<\/h1>\n<p>[\/vc_column_text][\/vc_column][\/vc_row][vc_row css=\u00a0\u00bb.vc_custom_1412602126754{padding-top: 50px !important;}\u00a0\u00bb gmbt_prlx_bg_type=\u00a0\u00bbparallax\u00a0\u00bb gmbt_prlx_video_youtube_loop_trigger=\u00a0\u00bb0&Prime; gmbt_prlx_video_height_correction=\u00a0\u00bb0&Prime; gmbt_prlx_video_width_correction=\u00a0\u00bb0&Prime; gmbt_prlx_parallax=\u00a0\u00bbnone\u00a0\u00bb gmbt_prlx_speed=\u00a0\u00bb0.3&Prime; gmbt_prlx_break_parents=\u00a0\u00bb0&Prime; gmbt_prlx_row_span=\u00a0\u00bb0&Prime;][vc_column]<script>\n\t\t\t\tjQuery( document ).ready(function() {\n\t\t\t\t\t\/\/Add form size class\n\t\t\t\t\tjQuery(\"#theForm\").addClass(\"simform-large\");\n\t\t\t\t\t\n\t\t\t\t\t\/\/Add form background color\n\t\t\t\t\tjQuery(\"head\").append(\"<style>.hgr-minimal-form .simform ol:before{background:#ffffff;}<\/style>\");\n\t\t\t\t\t\n\t\t\t\t\tvar theForm = document.getElementById( \"theForm\" );\n\t\t\t\t\tnew stepsForm( theForm, {\n\t\t\t\t\t\tonSubmit : function( form ) {\n\t\t\t\t\t\t\tclassie.addClass( theForm.querySelector( \".simform-inner\" ), \"hide\" );\n\t\t\t\t\t\t\tvar messageEl = theForm.querySelector( \".final-message\" );\n\t\t\t\t\t\t\tmessageEl.innerHTML = \"Votre demande est partie. Merci pour votre temps!\";\n\t\t\t\t\t\t\tclassie.addClass( messageEl, \"show\" );\n\t\t\t\t\t\t}\n\t\t\t\t\t} );\n\t\t\t\t\t\n\t\t\t\t\t\/\/ Submits the form\n\t\t\t\t\tstepsForm.prototype._submit = function() {\n\t\t\t\t\t\t\/\/ get all the inputs into an array.\n\t\t\t\t\t\tvar $inputs = jQuery(\"#theForm :input\");\n\n\t\t\t\t\t\tvar values = {};\n\t\t\t\t\t\t$inputs.each(function() {\n\t\t\t\t\t\t\tif( jQuery(this).val() != \"\" ) {\n\t\t\t\t\t\t\t\tvalues[jQuery(this).attr(\"data-question\")] = jQuery(this).val();\n\t\t\t\t\t\t\t}\n\t\t\t\t\t\t});\n\n\t\t\t\t\t\t\/\/ send email\n\t\t\t\t\t\tvar data = {\n\t\t\t\t\t\t\taction: \"mail_before_submit\",\n\t\t\t\t\t\t\twhatever: values,\n\t\t\t\t\t\t\t_ajax_nonce: \"e6b90da1d5\"\n\t\t\t\t\t\t};\n\n\t\t\t\t\t\tjQuery.post(\"http:\/\/www.soveamiant.fr\/agence-desamiantage-soveamiant-pau\/wp-admin\/admin-ajax.php\", data);\n\t\t\t\t\t\t\n\t\t\t\t\t\t\/\/ show confirmation text\n\t\t\t\t\t\tthis.options.onSubmit( this.el );\n\t\t\t\t\t}\n\t\t\t\t});\n\t\t\t<\/script><div class=\"hgr-minimal-form\"><form id=\"theForm\" class=\"simform\" autocomplete=\"off\"><div class=\"simform-inner\"><ol class=\"questions\"><li><span><label for=\"q-69f42e5f3cf00\"><h2 style=\"font-size:14px;color:#ffffff;\">Quel est l'objet de votre demande?<\/h2><\/label><\/span><input id=\"q-69f42e5f3cf00\" name=\"q-69f42e5f3cf00\" type=\"text\" style=\"color:#ffffff\" data-validate=\"none\" data-question=\"Quel est l'objet de votre demande?\"\/><\/li><li><span><label for=\"q-69f42e5f3cf10\"><h2 style=\"font-size:14px;color:#ffffff;\">Votre nom?<\/h2><\/label><\/span><input id=\"q-69f42e5f3cf10\" name=\"q-69f42e5f3cf10\" type=\"text\" style=\"color:#ffffff\" data-validate=\"none\" data-question=\"Votre nom?\"\/><\/li><li><span><label for=\"q-69f42e5f3cf1d\"><h2 style=\"font-size:14px;color:#ffffff;\">Votre num\u00e9ro de t\u00e9l\u00e9phone?<\/h2><\/label><\/span><input id=\"q-69f42e5f3cf1d\" name=\"q-69f42e5f3cf1d\" type=\"tel\" style=\"color:#ffffff\" data-validate=\"none\" data-question=\"Votre num\u00e9ro de t\u00e9l\u00e9phone?\"\/><\/li><li><span><label for=\"q-69f42e5f3cf29\"><h2 style=\"font-size:14px;color:#ffffff;\">Et enfin votre email?<\/h2><\/label><\/span><input id=\"q-69f42e5f3cf29\" name=\"q-69f42e5f3cf29\" type=\"email\" style=\"color:#ffffff\" data-validate=\"email\" data-question=\"Et enfin votre email?\"\/><\/li><\/ol><!-- \/questions --><button class=\"submit\" type=\"submit\">Send answers<\/button><div class=\"controls\" style=\"background:#d6d6d6\"><button class=\"hgr-next-button\" style=\"color:#212b31\"><\/button><div class=\"progress\"><\/div><span class=\"number\" style=\"color:#ffffff\"><span class=\"number-current\"><\/span><span class=\"number-total\"><\/span><\/span><span class=\"error-message\"><\/span><\/div><!-- \/ controls --><\/div><!-- \/simform-inner --><span class=\"final-message\" style=\"font-size:14px;color:#ffffff;\"><\/span><\/form><!-- \/simform --><\/div>[\/vc_column][\/vc_row]<\/p>\n","protected":false},"excerpt":{"rendered":"<p>[vc_row][vc_column][vc_column_text] VOUS SOUHAITEZ EN SAVOIR PLUS? CONTACTEZ-NOUS! [\/vc_column_text][\/vc_column][\/vc_row][vc_row css=\u00a0\u00bb.vc_custom_1412602126754{padding-top: 50px !important;}\u00a0\u00bb gmbt_prlx_bg_type=\u00a0\u00bbparallax\u00a0\u00bb gmbt_prlx_video_youtube_loop_trigger=\u00a0\u00bb0&Prime; gmbt_prlx_video_height_correction=\u00a0\u00bb0&Prime; gmbt_prlx_video_width_correction=\u00a0\u00bb0&Prime; gmbt_prlx_parallax=\u00a0\u00bbnone\u00a0\u00bb gmbt_prlx_speed=\u00a0\u00bb0.3&Prime; gmbt_prlx_break_parents=\u00a0\u00bb0&Prime; gmbt_prlx_row_span=\u00a0\u00bb0&Prime;][vc_column][\/vc_column][\/vc_row]<\/p>\n","protected":false},"author":1,"featured_media":2089,"parent":2197,"menu_order":70,"comment_status":"open","ping_status":"open","template":"","meta":{"footnotes":""},"class_list":["post-2031","page","type-page","status-publish","has-post-thumbnail","hentry"],"yoast_head":"<!-- This site is optimized with the Yoast SEO plugin v25.0 - https:\/\/yoast.com\/wordpress\/plugins\/seo\/ -->\n<title>Contact - Soveamiant Pau, votre partenaire d\u00e9samiantage dans le B\u00e9arn<\/title>\n<meta name=\"robots\" content=\"index, follow, max-snippet:-1, max-image-preview:large, max-video-preview:-1\" \/>\n<link rel=\"canonical\" href=\"http:\/\/www.soveamiant.fr\/agence-desamiantage-soveamiant-pau\/accueil-soveamiant\/contact\/\" \/>\n<meta property=\"og:locale\" content=\"fr_FR\" \/>\n<meta property=\"og:type\" content=\"article\" \/>\n<meta property=\"og:title\" content=\"Contact - Soveamiant Pau, votre partenaire d\u00e9samiantage dans le B\u00e9arn\" \/>\n<meta property=\"og:description\" content=\"[vc_row][vc_column][vc_column_text] VOUS SOUHAITEZ EN SAVOIR PLUS? CONTACTEZ-NOUS! [\/vc_column_text][\/vc_column][\/vc_row][vc_row css=\u00a0\u00bb.vc_custom_1412602126754{padding-top: 50px !important;}\u00a0\u00bb gmbt_prlx_bg_type=\u00a0\u00bbparallax\u00a0\u00bb gmbt_prlx_video_youtube_loop_trigger=\u00a0\u00bb0&Prime; gmbt_prlx_video_height_correction=\u00a0\u00bb0&Prime; gmbt_prlx_video_width_correction=\u00a0\u00bb0&Prime; gmbt_prlx_parallax=\u00a0\u00bbnone\u00a0\u00bb gmbt_prlx_speed=\u00a0\u00bb0.3&Prime; gmbt_prlx_break_parents=\u00a0\u00bb0&Prime; gmbt_prlx_row_span=\u00a0\u00bb0&Prime;][vc_column][\/vc_column][\/vc_row]\" \/>\n<meta property=\"og:url\" content=\"http:\/\/www.soveamiant.fr\/agence-desamiantage-soveamiant-pau\/accueil-soveamiant\/contact\/\" \/>\n<meta property=\"og:site_name\" content=\"Soveamiant Pau, votre partenaire d\u00e9samiantage dans le B\u00e9arn\" \/>\n<meta property=\"og:image\" content=\"http:\/\/www.soveamiant.fr\/agence-desamiantage-soveamiant-pau\/wp-content\/uploads\/sites\/11\/2016\/09\/accueil-soveamiant-entreprise-de-desamiantage.jpg\" \/>\n\t<meta property=\"og:image:width\" content=\"3264\" \/>\n\t<meta property=\"og:image:height\" content=\"2448\" \/>\n\t<meta property=\"og:image:type\" content=\"image\/jpeg\" \/>\n<meta name=\"twitter:card\" content=\"summary_large_image\" \/>\n<meta name=\"twitter:label1\" content=\"Dur\u00e9e de lecture estim\u00e9e\" \/>\n\t<meta name=\"twitter:data1\" content=\"1 minute\" \/>\n<script type=\"application\/ld+json\" class=\"yoast-schema-graph\">{\"@context\":\"https:\/\/schema.org\",\"@graph\":[{\"@type\":\"WebPage\",\"@id\":\"http:\/\/www.soveamiant.fr\/agence-desamiantage-soveamiant-pau\/accueil-soveamiant\/contact\/\",\"url\":\"http:\/\/www.soveamiant.fr\/agence-desamiantage-soveamiant-pau\/accueil-soveamiant\/contact\/\",\"name\":\"Contact - Soveamiant Pau, votre partenaire d\u00e9samiantage dans le B\u00e9arn\",\"isPartOf\":{\"@id\":\"http:\/\/www.soveamiant.fr\/agence-desamiantage-soveamiant-pau\/#website\"},\"primaryImageOfPage\":{\"@id\":\"http:\/\/www.soveamiant.fr\/agence-desamiantage-soveamiant-pau\/accueil-soveamiant\/contact\/#primaryimage\"},\"image\":{\"@id\":\"http:\/\/www.soveamiant.fr\/agence-desamiantage-soveamiant-pau\/accueil-soveamiant\/contact\/#primaryimage\"},\"thumbnailUrl\":\"http:\/\/www.soveamiant.fr\/agence-desamiantage-soveamiant-pau\/wp-content\/uploads\/sites\/11\/2016\/09\/accueil-soveamiant-entreprise-de-desamiantage.jpg\",\"datePublished\":\"2014-10-06T13:21:24+00:00\",\"breadcrumb\":{\"@id\":\"http:\/\/www.soveamiant.fr\/agence-desamiantage-soveamiant-pau\/accueil-soveamiant\/contact\/#breadcrumb\"},\"inLanguage\":\"fr-FR\",\"potentialAction\":[{\"@type\":\"ReadAction\",\"target\":[\"http:\/\/www.soveamiant.fr\/agence-desamiantage-soveamiant-pau\/accueil-soveamiant\/contact\/\"]}]},{\"@type\":\"ImageObject\",\"inLanguage\":\"fr-FR\",\"@id\":\"http:\/\/www.soveamiant.fr\/agence-desamiantage-soveamiant-pau\/accueil-soveamiant\/contact\/#primaryimage\",\"url\":\"http:\/\/www.soveamiant.fr\/agence-desamiantage-soveamiant-pau\/wp-content\/uploads\/sites\/11\/2016\/09\/accueil-soveamiant-entreprise-de-desamiantage.jpg\",\"contentUrl\":\"http:\/\/www.soveamiant.fr\/agence-desamiantage-soveamiant-pau\/wp-content\/uploads\/sites\/11\/2016\/09\/accueil-soveamiant-entreprise-de-desamiantage.jpg\",\"width\":3264,\"height\":2448,\"caption\":\"accueil-soveamiant-entreprise-de-desamiantage\"},{\"@type\":\"BreadcrumbList\",\"@id\":\"http:\/\/www.soveamiant.fr\/agence-desamiantage-soveamiant-pau\/accueil-soveamiant\/contact\/#breadcrumb\",\"itemListElement\":[{\"@type\":\"ListItem\",\"position\":1,\"name\":\"Accueil\",\"item\":\"https:\/\/www.soveamiant.fr\/agence-desamiantage-soveamiant-pau\/\"},{\"@type\":\"ListItem\",\"position\":2,\"name\":\"Accueil SOVEAMIANT\",\"item\":\"https:\/\/www.soveamiant.fr\/agence-desamiantage-soveamiant-pau\/\"},{\"@type\":\"ListItem\",\"position\":3,\"name\":\"Contact\"}]},{\"@type\":\"WebSite\",\"@id\":\"http:\/\/www.soveamiant.fr\/agence-desamiantage-soveamiant-pau\/#website\",\"url\":\"http:\/\/www.soveamiant.fr\/agence-desamiantage-soveamiant-pau\/\",\"name\":\"Soveamiant Pau, votre partenaire d\u00e9samiantage dans le B\u00e9arn\",\"description\":\"SOVEAMIANT, D\u00e9samiantage dans le B\u00e9arn\",\"potentialAction\":[{\"@type\":\"SearchAction\",\"target\":{\"@type\":\"EntryPoint\",\"urlTemplate\":\"http:\/\/www.soveamiant.fr\/agence-desamiantage-soveamiant-pau\/?s={search_term_string}\"},\"query-input\":{\"@type\":\"PropertyValueSpecification\",\"valueRequired\":true,\"valueName\":\"search_term_string\"}}],\"inLanguage\":\"fr-FR\"}]}<\/script>\n<!-- \/ Yoast SEO plugin. -->","yoast_head_json":{"title":"Contact - Soveamiant Pau, votre partenaire d\u00e9samiantage dans le B\u00e9arn","robots":{"index":"index","follow":"follow","max-snippet":"max-snippet:-1","max-image-preview":"max-image-preview:large","max-video-preview":"max-video-preview:-1"},"canonical":"http:\/\/www.soveamiant.fr\/agence-desamiantage-soveamiant-pau\/accueil-soveamiant\/contact\/","og_locale":"fr_FR","og_type":"article","og_title":"Contact - Soveamiant Pau, votre partenaire d\u00e9samiantage dans le B\u00e9arn","og_description":"[vc_row][vc_column][vc_column_text] VOUS SOUHAITEZ EN SAVOIR PLUS? CONTACTEZ-NOUS! [\/vc_column_text][\/vc_column][\/vc_row][vc_row css=\u00a0\u00bb.vc_custom_1412602126754{padding-top: 50px !important;}\u00a0\u00bb gmbt_prlx_bg_type=\u00a0\u00bbparallax\u00a0\u00bb gmbt_prlx_video_youtube_loop_trigger=\u00a0\u00bb0&Prime; gmbt_prlx_video_height_correction=\u00a0\u00bb0&Prime; gmbt_prlx_video_width_correction=\u00a0\u00bb0&Prime; gmbt_prlx_parallax=\u00a0\u00bbnone\u00a0\u00bb gmbt_prlx_speed=\u00a0\u00bb0.3&Prime; gmbt_prlx_break_parents=\u00a0\u00bb0&Prime; gmbt_prlx_row_span=\u00a0\u00bb0&Prime;][vc_column][\/vc_column][\/vc_row]","og_url":"http:\/\/www.soveamiant.fr\/agence-desamiantage-soveamiant-pau\/accueil-soveamiant\/contact\/","og_site_name":"Soveamiant Pau, votre partenaire d\u00e9samiantage dans le B\u00e9arn","og_image":[{"width":3264,"height":2448,"url":"http:\/\/www.soveamiant.fr\/agence-desamiantage-soveamiant-pau\/wp-content\/uploads\/sites\/11\/2016\/09\/accueil-soveamiant-entreprise-de-desamiantage.jpg","type":"image\/jpeg"}],"twitter_card":"summary_large_image","twitter_misc":{"Dur\u00e9e de lecture estim\u00e9e":"1 minute"},"schema":{"@context":"https:\/\/schema.org","@graph":[{"@type":"WebPage","@id":"http:\/\/www.soveamiant.fr\/agence-desamiantage-soveamiant-pau\/accueil-soveamiant\/contact\/","url":"http:\/\/www.soveamiant.fr\/agence-desamiantage-soveamiant-pau\/accueil-soveamiant\/contact\/","name":"Contact - Soveamiant Pau, votre partenaire d\u00e9samiantage dans le B\u00e9arn","isPartOf":{"@id":"http:\/\/www.soveamiant.fr\/agence-desamiantage-soveamiant-pau\/#website"},"primaryImageOfPage":{"@id":"http:\/\/www.soveamiant.fr\/agence-desamiantage-soveamiant-pau\/accueil-soveamiant\/contact\/#primaryimage"},"image":{"@id":"http:\/\/www.soveamiant.fr\/agence-desamiantage-soveamiant-pau\/accueil-soveamiant\/contact\/#primaryimage"},"thumbnailUrl":"http:\/\/www.soveamiant.fr\/agence-desamiantage-soveamiant-pau\/wp-content\/uploads\/sites\/11\/2016\/09\/accueil-soveamiant-entreprise-de-desamiantage.jpg","datePublished":"2014-10-06T13:21:24+00:00","breadcrumb":{"@id":"http:\/\/www.soveamiant.fr\/agence-desamiantage-soveamiant-pau\/accueil-soveamiant\/contact\/#breadcrumb"},"inLanguage":"fr-FR","potentialAction":[{"@type":"ReadAction","target":["http:\/\/www.soveamiant.fr\/agence-desamiantage-soveamiant-pau\/accueil-soveamiant\/contact\/"]}]},{"@type":"ImageObject","inLanguage":"fr-FR","@id":"http:\/\/www.soveamiant.fr\/agence-desamiantage-soveamiant-pau\/accueil-soveamiant\/contact\/#primaryimage","url":"http:\/\/www.soveamiant.fr\/agence-desamiantage-soveamiant-pau\/wp-content\/uploads\/sites\/11\/2016\/09\/accueil-soveamiant-entreprise-de-desamiantage.jpg","contentUrl":"http:\/\/www.soveamiant.fr\/agence-desamiantage-soveamiant-pau\/wp-content\/uploads\/sites\/11\/2016\/09\/accueil-soveamiant-entreprise-de-desamiantage.jpg","width":3264,"height":2448,"caption":"accueil-soveamiant-entreprise-de-desamiantage"},{"@type":"BreadcrumbList","@id":"http:\/\/www.soveamiant.fr\/agence-desamiantage-soveamiant-pau\/accueil-soveamiant\/contact\/#breadcrumb","itemListElement":[{"@type":"ListItem","position":1,"name":"Accueil","item":"https:\/\/www.soveamiant.fr\/agence-desamiantage-soveamiant-pau\/"},{"@type":"ListItem","position":2,"name":"Accueil SOVEAMIANT","item":"https:\/\/www.soveamiant.fr\/agence-desamiantage-soveamiant-pau\/"},{"@type":"ListItem","position":3,"name":"Contact"}]},{"@type":"WebSite","@id":"http:\/\/www.soveamiant.fr\/agence-desamiantage-soveamiant-pau\/#website","url":"http:\/\/www.soveamiant.fr\/agence-desamiantage-soveamiant-pau\/","name":"Soveamiant Pau, votre partenaire d\u00e9samiantage dans le B\u00e9arn","description":"SOVEAMIANT, D\u00e9samiantage dans le B\u00e9arn","potentialAction":[{"@type":"SearchAction","target":{"@type":"EntryPoint","urlTemplate":"http:\/\/www.soveamiant.fr\/agence-desamiantage-soveamiant-pau\/?s={search_term_string}"},"query-input":{"@type":"PropertyValueSpecification","valueRequired":true,"valueName":"search_term_string"}}],"inLanguage":"fr-FR"}]}},"_links":{"self":[{"href":"http:\/\/www.soveamiant.fr\/agence-desamiantage-soveamiant-pau\/wp-json\/wp\/v2\/pages\/2031","targetHints":{"allow":["GET"]}}],"collection":[{"href":"http:\/\/www.soveamiant.fr\/agence-desamiantage-soveamiant-pau\/wp-json\/wp\/v2\/pages"}],"about":[{"href":"http:\/\/www.soveamiant.fr\/agence-desamiantage-soveamiant-pau\/wp-json\/wp\/v2\/types\/page"}],"author":[{"embeddable":true,"href":"http:\/\/www.soveamiant.fr\/agence-desamiantage-soveamiant-pau\/wp-json\/wp\/v2\/users\/1"}],"replies":[{"embeddable":true,"href":"http:\/\/www.soveamiant.fr\/agence-desamiantage-soveamiant-pau\/wp-json\/wp\/v2\/comments?post=2031"}],"version-history":[{"count":0,"href":"http:\/\/www.soveamiant.fr\/agence-desamiantage-soveamiant-pau\/wp-json\/wp\/v2\/pages\/2031\/revisions"}],"up":[{"embeddable":true,"href":"http:\/\/www.soveamiant.fr\/agence-desamiantage-soveamiant-pau\/wp-json\/wp\/v2\/pages\/2197"}],"wp:featuredmedia":[{"embeddable":true,"href":"http:\/\/www.soveamiant.fr\/agence-desamiantage-soveamiant-pau\/wp-json\/wp\/v2\/media\/2089"}],"wp:attachment":[{"href":"http:\/\/www.soveamiant.fr\/agence-desamiantage-soveamiant-pau\/wp-json\/wp\/v2\/media?parent=2031"}],"curies":[{"name":"wp","href":"https:\/\/api.w.org\/{rel}","templated":true}]}}