{"id":2197,"date":"2014-10-06T10:52:57","date_gmt":"2014-10-06T10:52:57","guid":{"rendered":"http:\/\/www.highgradelab.com\/shore-creative-studio\/?page_id=6"},"modified":"2020-08-01T12:54:41","modified_gmt":"2020-08-01T10:54:41","slug":"accueil-soveamiant","status":"publish","type":"page","link":"http:\/\/www.soveamiant.fr\/agence-desamiantage-soveamiant-toulouse-region-centre\/","title":{"rendered":"Accueil SOVEAMIANT"},"content":{"rendered":"","protected":false},"excerpt":{"rendered":"","protected":false},"author":1,"featured_media":0,"parent":0,"menu_order":0,"comment_status":"open","ping_status":"open","template":"","meta":{"footnotes":""},"class_list":["post-2197","page","type-page","status-publish","hentry"],"yoast_head":"<!-- This site is optimized with the Yoast SEO plugin v25.0 - https:\/\/yoast.com\/wordpress\/plugins\/seo\/ -->\n<title>Entreprise de d\u00e9samiantage \u00e0 Toulouse (31) | Votre partenaire d\u00e9samiantage<\/title>\n<meta name=\"description\" content=\"L&#039;entreprise SOVEAMIANT met \u00e0 votre disposition ses comp\u00e9tences en d\u00e9samiantage \u00e0 Toulouse et ses environs. SOVEAMIANT est sp\u00e9cialis\u00e9e en d\u00e9samiantage depuis 15 ans.\" \/>\n<meta name=\"robots\" content=\"index, follow, max-snippet:-1, max-image-preview:large, max-video-preview:-1\" \/>\n<link rel=\"canonical\" href=\"http:\/\/www.soveamiant.fr\/agence-desamiantage-soveamiant-toulouse-region-centre\/\" \/>\n<meta property=\"og:locale\" content=\"fr_FR\" \/>\n<meta property=\"og:type\" content=\"article\" \/>\n<meta property=\"og:title\" content=\"Entreprise de d\u00e9samiantage \u00e0 Toulouse (31) | Votre partenaire d\u00e9samiantage\" \/>\n<meta property=\"og:description\" content=\"L&#039;entreprise SOVEAMIANT met \u00e0 votre disposition ses comp\u00e9tences en d\u00e9samiantage \u00e0 Toulouse et ses environs. SOVEAMIANT est sp\u00e9cialis\u00e9e en d\u00e9samiantage depuis 15 ans.\" \/>\n<meta property=\"og:url\" content=\"http:\/\/www.soveamiant.fr\/agence-desamiantage-soveamiant-toulouse-region-centre\/\" \/>\n<meta property=\"og:site_name\" content=\"Soveamiant Toulouse, votre partenaire d\u00e9samiantage dans le Centre\" \/>\n<meta property=\"article:modified_time\" content=\"2020-08-01T10:54:41+00:00\" \/>\n<meta name=\"twitter:card\" content=\"summary_large_image\" \/>\n<script type=\"application\/ld+json\" class=\"yoast-schema-graph\">{\"@context\":\"https:\/\/schema.org\",\"@graph\":[{\"@type\":\"WebPage\",\"@id\":\"http:\/\/www.soveamiant.fr\/agence-desamiantage-soveamiant-toulouse-region-centre\/\",\"url\":\"http:\/\/www.soveamiant.fr\/agence-desamiantage-soveamiant-toulouse-region-centre\/\",\"name\":\"Entreprise de d\u00e9samiantage \u00e0 Toulouse (31) | Votre partenaire d\u00e9samiantage\",\"isPartOf\":{\"@id\":\"http:\/\/www.soveamiant.fr\/agence-desamiantage-soveamiant-toulouse-region-centre\/#website\"},\"datePublished\":\"2014-10-06T10:52:57+00:00\",\"dateModified\":\"2020-08-01T10:54:41+00:00\",\"description\":\"L'entreprise SOVEAMIANT met \u00e0 votre disposition ses comp\u00e9tences en d\u00e9samiantage \u00e0 Toulouse et ses environs. SOVEAMIANT est sp\u00e9cialis\u00e9e en d\u00e9samiantage depuis 15 ans.\",\"breadcrumb\":{\"@id\":\"http:\/\/www.soveamiant.fr\/agence-desamiantage-soveamiant-toulouse-region-centre\/#breadcrumb\"},\"inLanguage\":\"fr-FR\",\"potentialAction\":[{\"@type\":\"ReadAction\",\"target\":[\"http:\/\/www.soveamiant.fr\/agence-desamiantage-soveamiant-toulouse-region-centre\/\"]}]},{\"@type\":\"BreadcrumbList\",\"@id\":\"http:\/\/www.soveamiant.fr\/agence-desamiantage-soveamiant-toulouse-region-centre\/#breadcrumb\",\"itemListElement\":[{\"@type\":\"ListItem\",\"position\":1,\"name\":\"Accueil\",\"item\":\"http:\/\/www.soveamiant.fr\/agence-desamiantage-soveamiant-toulouse-region-centre\/\"},{\"@type\":\"ListItem\",\"position\":2,\"name\":\"Accueil SOVEAMIANT\"}]},{\"@type\":\"WebSite\",\"@id\":\"http:\/\/www.soveamiant.fr\/agence-desamiantage-soveamiant-toulouse-region-centre\/#website\",\"url\":\"http:\/\/www.soveamiant.fr\/agence-desamiantage-soveamiant-toulouse-region-centre\/\",\"name\":\"Soveamiant Toulouse, votre partenaire d\u00e9samiantage dans le Centre\",\"description\":\"SOVEAMIANT, D\u00e9samiantage Toulouse et R\u00e9gion Centre\",\"potentialAction\":[{\"@type\":\"SearchAction\",\"target\":{\"@type\":\"EntryPoint\",\"urlTemplate\":\"http:\/\/www.soveamiant.fr\/agence-desamiantage-soveamiant-toulouse-region-centre\/?s={search_term_string}\"},\"query-input\":{\"@type\":\"PropertyValueSpecification\",\"valueRequired\":true,\"valueName\":\"search_term_string\"}}],\"inLanguage\":\"fr-FR\"}]}<\/script>\n<!-- \/ Yoast SEO plugin. -->","yoast_head_json":{"title":"Entreprise de d\u00e9samiantage \u00e0 Toulouse (31) | Votre partenaire d\u00e9samiantage","description":"L'entreprise SOVEAMIANT met \u00e0 votre disposition ses comp\u00e9tences en d\u00e9samiantage \u00e0 Toulouse et ses environs. SOVEAMIANT est sp\u00e9cialis\u00e9e en d\u00e9samiantage depuis 15 ans.","robots":{"index":"index","follow":"follow","max-snippet":"max-snippet:-1","max-image-preview":"max-image-preview:large","max-video-preview":"max-video-preview:-1"},"canonical":"http:\/\/www.soveamiant.fr\/agence-desamiantage-soveamiant-toulouse-region-centre\/","og_locale":"fr_FR","og_type":"article","og_title":"Entreprise de d\u00e9samiantage \u00e0 Toulouse (31) | Votre partenaire d\u00e9samiantage","og_description":"L'entreprise SOVEAMIANT met \u00e0 votre disposition ses comp\u00e9tences en d\u00e9samiantage \u00e0 Toulouse et ses environs. SOVEAMIANT est sp\u00e9cialis\u00e9e en d\u00e9samiantage depuis 15 ans.","og_url":"http:\/\/www.soveamiant.fr\/agence-desamiantage-soveamiant-toulouse-region-centre\/","og_site_name":"Soveamiant Toulouse, votre partenaire d\u00e9samiantage dans le Centre","article_modified_time":"2020-08-01T10:54:41+00:00","twitter_card":"summary_large_image","schema":{"@context":"https:\/\/schema.org","@graph":[{"@type":"WebPage","@id":"http:\/\/www.soveamiant.fr\/agence-desamiantage-soveamiant-toulouse-region-centre\/","url":"http:\/\/www.soveamiant.fr\/agence-desamiantage-soveamiant-toulouse-region-centre\/","name":"Entreprise de d\u00e9samiantage \u00e0 Toulouse (31) | Votre partenaire d\u00e9samiantage","isPartOf":{"@id":"http:\/\/www.soveamiant.fr\/agence-desamiantage-soveamiant-toulouse-region-centre\/#website"},"datePublished":"2014-10-06T10:52:57+00:00","dateModified":"2020-08-01T10:54:41+00:00","description":"L'entreprise SOVEAMIANT met \u00e0 votre disposition ses comp\u00e9tences en d\u00e9samiantage \u00e0 Toulouse et ses environs. SOVEAMIANT est sp\u00e9cialis\u00e9e en d\u00e9samiantage depuis 15 ans.","breadcrumb":{"@id":"http:\/\/www.soveamiant.fr\/agence-desamiantage-soveamiant-toulouse-region-centre\/#breadcrumb"},"inLanguage":"fr-FR","potentialAction":[{"@type":"ReadAction","target":["http:\/\/www.soveamiant.fr\/agence-desamiantage-soveamiant-toulouse-region-centre\/"]}]},{"@type":"BreadcrumbList","@id":"http:\/\/www.soveamiant.fr\/agence-desamiantage-soveamiant-toulouse-region-centre\/#breadcrumb","itemListElement":[{"@type":"ListItem","position":1,"name":"Accueil","item":"http:\/\/www.soveamiant.fr\/agence-desamiantage-soveamiant-toulouse-region-centre\/"},{"@type":"ListItem","position":2,"name":"Accueil SOVEAMIANT"}]},{"@type":"WebSite","@id":"http:\/\/www.soveamiant.fr\/agence-desamiantage-soveamiant-toulouse-region-centre\/#website","url":"http:\/\/www.soveamiant.fr\/agence-desamiantage-soveamiant-toulouse-region-centre\/","name":"Soveamiant Toulouse, votre partenaire d\u00e9samiantage dans le Centre","description":"SOVEAMIANT, D\u00e9samiantage Toulouse et R\u00e9gion Centre","potentialAction":[{"@type":"SearchAction","target":{"@type":"EntryPoint","urlTemplate":"http:\/\/www.soveamiant.fr\/agence-desamiantage-soveamiant-toulouse-region-centre\/?s={search_term_string}"},"query-input":{"@type":"PropertyValueSpecification","valueRequired":true,"valueName":"search_term_string"}}],"inLanguage":"fr-FR"}]}},"_links":{"self":[{"href":"http:\/\/www.soveamiant.fr\/agence-desamiantage-soveamiant-toulouse-region-centre\/wp-json\/wp\/v2\/pages\/2197","targetHints":{"allow":["GET"]}}],"collection":[{"href":"http:\/\/www.soveamiant.fr\/agence-desamiantage-soveamiant-toulouse-region-centre\/wp-json\/wp\/v2\/pages"}],"about":[{"href":"http:\/\/www.soveamiant.fr\/agence-desamiantage-soveamiant-toulouse-region-centre\/wp-json\/wp\/v2\/types\/page"}],"author":[{"embeddable":true,"href":"http:\/\/www.soveamiant.fr\/agence-desamiantage-soveamiant-toulouse-region-centre\/wp-json\/wp\/v2\/users\/1"}],"replies":[{"embeddable":true,"href":"http:\/\/www.soveamiant.fr\/agence-desamiantage-soveamiant-toulouse-region-centre\/wp-json\/wp\/v2\/comments?post=2197"}],"version-history":[{"count":1,"href":"http:\/\/www.soveamiant.fr\/agence-desamiantage-soveamiant-toulouse-region-centre\/wp-json\/wp\/v2\/pages\/2197\/revisions"}],"predecessor-version":[{"id":2242,"href":"http:\/\/www.soveamiant.fr\/agence-desamiantage-soveamiant-toulouse-region-centre\/wp-json\/wp\/v2\/pages\/2197\/revisions\/2242"}],"wp:attachment":[{"href":"http:\/\/www.soveamiant.fr\/agence-desamiantage-soveamiant-toulouse-region-centre\/wp-json\/wp\/v2\/media?parent=2197"}],"curies":[{"name":"wp","href":"https:\/\/api.w.org\/{rel}","templated":true}]}}